{"id":7316,"date":"2021-10-17T12:53:37","date_gmt":"2021-10-17T15:53:37","guid":{"rendered":"https:\/\/www.clickaracoiaba.com.br\/?page_id=7316"},"modified":"2025-11-14T02:20:16","modified_gmt":"2025-11-14T05:20:16","slug":"anuncie-conosco","status":"publish","type":"page","link":"https:\/\/www.clickaracoiaba.com.br\/?page_id=7316","title":{"rendered":"Anuncie Conosco"},"content":{"rendered":"<p align=\"center\"><span style=\"font-size: medium; font-family: arial, helvetica, sans-serif;\"><img loading=\"lazy\" decoding=\"async\" class=\"alignnone\" title=\"Gabarito Guia Comercial Clickara\u00e7oiaba\" src=\"..\/..\/..\/wp-content\/uploads\/2021\/10\/gabarito_guia-comercial-clickaracoiaba.jpg\" alt=\"Gabarito Guia Comercial Clickara\u00e7oiaba\" width=\"690\" height=\"752\" \/><\/span><\/p>\n<h1 style=\"text-align: center;\"><span style=\"font-family: tahoma, arial, helvetica, sans-serif; font-size: large;\">Op\u00e7\u00f5es de Campanha<\/span><\/h1>\n<h3 style=\"text-align: center;\"><strong>PLANO SUPREMO<\/strong><\/h3>\n<ul>\n<li><strong>Placa Destaque Supremo na <a href=\"https:\/\/www.clickaracoiaba.com.br\">p\u00e1gina principal do portal<\/a><\/strong><\/li>\n<li><strong>Placa Destaque Master no carrossel da <a href=\"https:\/\/www.clickaracoiaba.com.br\/guia\">p\u00e1gina principal do Guia<\/a>.<\/strong><\/li>\n<li><strong>Hotsite dedicado para sua empresa (ex.: <a href=\"https:\/\/www.clickaracoiaba.com.br\/guia\/empresa\/551\">Clique aqui<\/a>).<\/strong><\/li>\n<li><b>E mais 6 servi\u00e7os de transforma\u00e7\u00e3o de marca que v\u00e3o deixar seu neg\u00f3cio famoso.<\/b><\/li>\n<\/ul>\n<hr \/>\n<h3 style=\"text-align: center;\"><strong>PLANO IMPACTO<\/strong><\/h3>\n<ul>\n<li><strong>Placa Destaque Master<\/strong> no carrossel da <a href=\"https:\/\/www.clickaracoiaba.com.br\/guia\">p\u00e1gina principal do Guia<\/a>.<\/li>\n<li><strong>Hotsite dedicado<\/strong> para sua empresa (ex.: <a href=\"https:\/\/www.clickaracoiaba.com.br\/guia\/empresa\/663\">Click aqui<\/a>).<\/li>\n<li><b>E mais 4 servi\u00e7osde posicionamento digital que v\u00e3o colocar seu neg\u00f3cio num novo patamar.<\/b><\/li>\n<\/ul>\n<p><strong>\u00a0<\/strong><\/p>\n<hr \/>\n<h3 style=\"text-align: center;\"><strong>PLANO BASE<\/strong><\/h3>\n<ul>\n<li><strong>Placa Destaque Especial<\/strong> no carrossel da <a href=\"https:\/\/www.clickaracoiaba.com.br\/guia\">p\u00e1gina principal do Guia<\/a>.<\/li>\n<li><strong>Hotsite dedicado<\/strong> para sua empresa (ex.: <a href=\"https:\/\/www.clickaracoiaba.com.br\/guia\/empresa\/578\">Click aqui<\/a>).<\/li>\n<li><strong>E mais 3 servi\u00e7os b\u00e1sicos para come\u00e7ar sua jornada rumo ao sucesso.<\/strong><\/li>\n<\/ul>\n<hr \/>\n<p><span style=\"font-size: medium; font-family: arial, helvetica, sans-serif;\"><strong>Veja a seguir porque sua empresa deve estar no CLICKARA\u00c7OIABA:<\/strong><\/span><\/p>\n<ul>\n<li><span style=\"font-size: medium; font-family: arial, helvetica, sans-serif;\"> Reda\u00e7\u00e3o de not\u00edcias em Ara\u00e7oiaba da Serra,<\/span><\/li>\n<li><span style=\"font-size: medium; font-family: arial, helvetica, sans-serif;\">Maior intera\u00e7\u00e3o com os usu\u00e1rios,<\/span><\/li>\n<li><span style=\"font-size: medium; font-family: arial, helvetica, sans-serif;\">Departamento jornal\u00edstico imparcial,<\/span><\/li>\n<li><span style=\"font-size: medium; font-family: arial, helvetica, sans-serif;\">Maior variedade nos an\u00fancios de produtos e servi\u00e7os,<\/span><\/li>\n<li><span style=\"font-size: medium; font-family: arial, helvetica, sans-serif;\">Primeiro Guia Comercial da cidade, projeto iniciado em 1999,<\/span><\/li>\n<li><span style=\"font-size: medium; font-family: arial, helvetica, sans-serif;\">Utilidades p\u00fablicas,<\/span><\/li>\n<li><span style=\"font-size: medium; font-family: arial, helvetica, sans-serif;\">Baixo investimento para anunciar,<\/span><\/li>\n<li><span style=\"font-size: medium; font-family: arial, helvetica, sans-serif;\">Visto diariamente em todos os bairros e condom\u00ednios da cidade.<\/span><\/li>\n<\/ul>\n<p><span style=\"font-size: medium; font-family: arial, helvetica, sans-serif;\">\u00a0<\/span>Estas foram algumas caracter\u00edsticas que proporcionou nossa consolida\u00e7\u00e3o em Ara\u00e7oiaba da Serra.<\/p>\n<p>Nossos canais e nosso Portal recebem uma quantdade colossal de visualiza\u00e7\u00f5es, muito acima da m\u00e9dia de outros canais atuantes em cidades semelhantes.<\/p>\n<p>Priorizamos a divulga\u00e7\u00e3o de neg\u00f3cios locais contribuindo para fortalecimento do com\u00e9rcio local.<\/p>\n<h3 style=\"text-align: left;\">Para todo tipo de neg\u00f3cio, o <strong>CLICKARA\u00c7OIABA<\/strong> faz seus futuros clientes encontrem sua empresa.<\/h3>\n<p><span style=\"font-size: medium; font-family: arial, helvetica, sans-serif; color: #000000;\">\u00a0<\/span><span style=\"font-size: medium; font-family: arial, helvetica, sans-serif; color: #999999;\"><span style=\"color: #000000;\">Chama <strong>agora<\/strong> no WhatsApp:<\/span><br \/>\n<strong><a title=\"Click aqui e acesse nosso WhatsApp\" href=\"https:\/\/bit.ly\/clickaracoiaba\" target=\"_blank\" rel=\"noopener\"> (15) 99732-1144<\/a><\/strong><\/span><\/p>\n","protected":false},"excerpt":{"rendered":"<p>Op\u00e7\u00f5es de Campanha PLANO SUPREMO Placa Destaque Supremo na p\u00e1gina principal do portal Placa Destaque Master no carrossel da p\u00e1gina principal do Guia. Hotsite dedicado para sua empresa (ex.: Clique aqui). E mais 6 servi\u00e7os de transforma\u00e7\u00e3o de marca que v\u00e3o deixar seu neg\u00f3cio famoso. PLANO IMPACTO Placa Destaque Master no carrossel da p\u00e1gina principal&#8230;<\/p>\n","protected":false},"author":1,"featured_media":0,"parent":0,"menu_order":0,"comment_status":"closed","ping_status":"closed","template":"","meta":{"magazine_newspaper_sidebar_layout":"","footnotes":""},"class_list":["post-7316","page","type-page","status-publish","hentry"],"_links":{"self":[{"href":"https:\/\/www.clickaracoiaba.com.br\/index.php?rest_route=\/wp\/v2\/pages\/7316","targetHints":{"allow":["GET"]}}],"collection":[{"href":"https:\/\/www.clickaracoiaba.com.br\/index.php?rest_route=\/wp\/v2\/pages"}],"about":[{"href":"https:\/\/www.clickaracoiaba.com.br\/index.php?rest_route=\/wp\/v2\/types\/page"}],"author":[{"embeddable":true,"href":"https:\/\/www.clickaracoiaba.com.br\/index.php?rest_route=\/wp\/v2\/users\/1"}],"replies":[{"embeddable":true,"href":"https:\/\/www.clickaracoiaba.com.br\/index.php?rest_route=%2Fwp%2Fv2%2Fcomments&post=7316"}],"version-history":[{"count":0,"href":"https:\/\/www.clickaracoiaba.com.br\/index.php?rest_route=\/wp\/v2\/pages\/7316\/revisions"}],"wp:attachment":[{"href":"https:\/\/www.clickaracoiaba.com.br\/index.php?rest_route=%2Fwp%2Fv2%2Fmedia&parent=7316"}],"curies":[{"name":"wp","href":"https:\/\/api.w.org\/{rel}","templated":true}]}}